d + d. Let n = 32 + -17. Calculate the greatest common factor of n and d.
15
Suppose -q = 3, 0 = -2*s + 6*s + 3*q - 51. What is the greatest common factor of s and 195?
15
Let u = -27 - -40. Calculate the highest common factor of 13 and u.
13
Suppose -3 - 3 = -2*a. Let b be -1 - ((-6)/a + -80). Suppose 5*u = 2*d - 8, 5*d = u + 25 + 18. Calculate the highest common factor of d and b.
9
Suppose -3*b + 4*c + 4 = 0, 0*b + 5*c + 5 = 2*b. Suppose 0 = 2*x - b - 18. What is the highest common divisor of x and 45?
9
Let p(v) = 3*v**2 + 6*v - 2*v**2 - 8 - 2*v. Let g be p(-6). Suppose g = w + 1. What is the greatest common divisor of w and 15?
3
Let h = -22 - -62. Suppose 0 = -5*j - 4*s + 141 - 25, -2*j + 60 = 5*s. Calculate the greatest common divisor of h and j.
20
Suppose 7*m - 10 = 2*m. Suppose -m*f + i + 46 = 6*i, 5*f + i - 92 = 0. What is the greatest common divisor of 18 and f?
18
Let z be 6/(5*4/30). What is the greatest common divisor of 6 and z?
3
Suppose -4*r - 6 = 2*q + 2, 0 = r + 5. Let p = 51 + -47. Calculate the greatest common divisor of q and p.
2
Suppose -4*g = 3*o - 3*g - 51, -9 = -o - 3*g. Let h = -28 + 73. What is the greatest common factor of h and o?
9
Let o(h) = h**2 + 4*h - 1. Let k be o(-5). Let x be (-12)/(-7) + k/14. What is the highest common divisor of 1 and x?
1
Let i(p) = -p**3 + 6*p**2 - 4*p. Let o(n) = -n**2 + 6*n - 1. Let q be o(5). Let m be i(q). Let s = 1 + 1. What is the greatest common factor of m and s?
2
Let h(k) = -5*k - 34. Let m be h(-10). What is the highest common divisor of m and 48?
16
Let d be 2 + 0 - (-6 + 1). Let h(x) = -x**3 - 6*x**2 - 4*x + 7. Let i be h(-5). Suppose c + i*c = 21. Calculate the greatest common factor of c and d.
7
Let h = 17 + 16. Let m = -4 + 13. Suppose -4*b + 3*p = -0*p - m, -5*b + 3*p + 12 = 0. What is the greatest common divisor of h and b?
3
Let v = 3 - 1. Let p(i) = -i**3 + 4*i**2 - i - 1. Let q be p(v). Suppose 0 = -t + q*t - 96. Calculate the greatest common factor of t and 6.
6
Let d(w) = 1 + w**2 + 3 - 2*w**2 - w. Let m be d(0). Suppose -5*o + 10*o = -4*n + 558, -m*o + 4*n = -432. Calculate the greatest common factor of o and 10.
10
Let a = 62 + -44. What is the greatest common factor of 18 and a?
18
Let k(f) = 10*f - 5. Let s be k(3). Calculate the greatest common factor of 125 and s.
25
Let v(c) = c**3 - 4*c**2 + 7*c - 7. Let n be v(4). Calculate the greatest common divisor of n and 7.
7
Let i = -3 - -3. Suppose i = -3*z + 2*l + l + 3, 0 = z + 4*l - 16. Suppose 20 = -z*h, -3*h = -f - 7*h + 30. Calculate the greatest common divisor of 20 and f.
10
Let l(t) be the third derivative of -t**5/60 + t**4/3 - t**3/6 + t**2. Let g be l(6). Calculate the highest common divisor of g and 1.
1
Let l = -105 + 216. Let q = l - 41. Calculate the greatest common divisor of q and 10.
10
Suppose -4*n - 23 = -807. Let i = n + -60. Calculate the greatest common factor of 17 and i.
17
Suppose 3*x + 22 - 52 = 0. Calculate the highest common factor of x and 40.
10
Let c = -72 - -157. Calculate the highest common divisor of c and 34.
17
Suppose 2*x - 33 = 5*l, -x + 4*l + 15 = -3. What is the greatest common factor of 98 and x?
14
Let q be 4*1/(-2) + -3. Let o be (1 - 2)*(q + -1). Calculate the greatest common factor of 66 and o.
6
Let i be (-2)/(2*(-3)/42). Let o = -55 - -97. What is the highest common divisor of o and i?
14
Suppose -5*u = -162 - 128. What is the highest common divisor of 174 and u?
58
Let a = 6 + -2. Suppose -2 = -3*d + a. Let l(k) = k. Let t be l(5). Calculate the greatest common factor of t and d.
1
Suppose 4*i + 5 = -2*s + 5*i, 0 = -5*i + 5. Let q(a) = -5*a - 2. Let g be q(s). What is the greatest common factor of 1 and g?
1
Let n be 15/(-4 + 5) + (-4 - 0). What is the greatest common divisor of 11 and n?
11
Let v be 61 + -2 + 2 + -1. Let o be 2*-21*v/(-70). Calculate the highest common factor of o and 90.
18
Let m be (-1)/(1 + (-166)/168). Let u = -46 - m. What is the greatest common factor of 95 and u?
19
Let p = -8 - -13. Suppose -4*n + 13 = p. Suppose -d = -z + 15, -n*d = 4*z - 43 - 23. Calculate the highest common factor of 112 and z.
16
Suppose -6*v + v = -40. What is the highest common divisor of v and 1?
1
Suppose 3*t - 76 = q, -3*q = -8*q - 20. Let k(d) = 60*d**2. Let v be k(-1). Calculate the highest common divisor of v and t.
12
Let a be 602/49 - 4/14. What is the greatest common factor of a and 84?
12
Suppose 0 = 3*h - 8*h + d + 21, 3*d - 13 = -4*h. Let s(k) = -h - 4 - 1 + 4*k. Let b be s(6). Calculate the highest common divisor of b and 5.
5
Let j be 23 + (10/2)/(-1). Calculate the highest common factor of j and 9.
9
Let u(x) = x**2 + 7*x + 15. Let h be u(-8). Calculate the highest common factor of 46 and h.
23
Let j(q) = 5*q**2 + 2*q - 6. Let l be j(3). Suppose -3*h - 2*d + 32 = -7, 4*h - 5*d - 75 = 0. What is the greatest common divisor of l and h?
15
Suppose 0*h + 3 = h, -26 = -2*j - 4*h. What is the highest common factor of j and 35?
7
Suppose -2*i - 298 = -a, 5*i - 824 = -4*a + 303. What is the highest common divisor of a and 32?
32
Let k(n) = 0*n + n + n**3 + n**2 - 5 + 4 - 2*n**2. Let v be k(-2). Let d = v + 31. Calculate the greatest common divisor of d and 40.
8
Let h(x) = -x**3 + 5*x**2 + 7*x - 3. Let v be h(6). Let d be 1/(1/(-2))*(-36)/8. Calculate the highest common factor of d and v.
3
Suppose 2 = -4*t + 26. Suppose -j = -6*d + d - t, -12 = -2*j + 5*d. What is the highest common divisor of j and 15?
3
Let x = -12 - -144. Suppose 4*k - 8*k - 2*q + 2 = 0, 5*q = -3*k - 16. Suppose -3*s = -33 - k. Calculate the greatest common factor of s and x.
12
Suppose -3*p = -p + 5*o - 144, 3*p + o - 216 = 0. Suppose -2 = -5*b + 43. Calculate the greatest common divisor of b and p.
9
Let i be 4/(6 - 8)*(-50)/4. What is the greatest common divisor of i and 10?
5
Suppose b - 20 = -4*z - 0*b, 2*z = -2*b + 10. Let k = -3 - -8. Calculate the highest common factor of z and k.
5
Let k = 4 + -2. Suppose y - 12 = -k*y. Suppose y = 3*t - 17. What is the highest common factor of 7 and t?
7
Let v = -36 + 12. Let u be 1 - -2 - (v - 3). Calculate the highest common divisor of 10 and u.
10
Let k be (1 - 38/10)*-50. Let b be (-206)/10 + 21/35. Let h = -6 - b. What is the greatest common factor of h and k?
14
Let t = 24 - 1. Suppose w = 2*l + 326, 0*w + 2*w + 5*l = 670. Suppose -4*y + 638 = -3*c, 0*y + 2*y - w = -4*c. What is the highest common divisor of t and y?
23
Let p = 315 + -169. Suppose -5*h = -p - 99. Suppose -3*u - d + h = 0, 4*u + 0*d - 82 = 2*d. What is the greatest common factor of 126 and u?
18
Let t = -87 - -99. What is the highest common divisor of 108 and t?
12
Suppose 9 = 3*n - 6. Suppose 4*l = 3*h - 33, n*h + 5*l - 90 = -0*l. Suppose -y + 2*y = h. What is the highest common factor of 45 and y?
15
Let v(d) = -d. Let c(x) = -7*x - 2. Let r(q) = -c(q) + 4*v(q). Let g be r(2). What is the greatest common divisor of g and 72?
8
Let l(j) = 18*j**3 - 2*j + 1. Suppose -4*b - 3 + 5 = 2*c, 0 = -b. Let o be l(c). Let x be (-2 - 1) + (-37)/(-1). What is the highest common factor of x and o?
17
Suppose -s - 4*z + 13 = 0, -z + 46 = 2*s + 2*z. Suppose -3*p + s = -40. Suppose -184 = -n - 0*n. What is the greatest common factor of n and p?
23
Let k(n) = 3*n**2 + 17*n + 1. Let g(c) = -4*c**2 - 25*c - 2. Let r(p) = -5*g(p) - 7*k(p). Let h be r(6). Calculate the greatest common factor of 9 and h.
3
Let a = -188 + 209. Calculate the greatest common divisor of a and 70.
7
Let q be 16/2 - (2 + 0). Suppose -2*b = -q*b + 168. Calculate the greatest common factor of b and 28.
14
Let c be (396/(-30))/(1/(-5)). What is the highest common divisor of 99 and c?
33
Let j = -1 - -13. What is the greatest common divisor of 10 and j?
2
Suppose 11*d + 3*d - 70 = 0. What is the highest common divisor of 2 and d?
1
Let b(k) = -k**3 - k + 9. Let x be b(0). Let y be (-1)/3 - (-1515)/x. Calculate the greatest common factor of 21 and y.
21
Suppose -11*c = -15*c + 24. Suppose -2*h + 3 = -1. Calculate the highest common divisor of h and c.
2
Let a be ((-6)/(-14))/((-18)/60)*-7. Calculate the greatest common divisor of 40 and a.
10
Let a(j) = 8*j + 3. Let i be a(-4). Let w = 54 + i. Suppose 5*v = 5 + w. What is the greatest common factor of v and 3?
3
Suppose j + 3*j - 4*m - 12 = 0, -3*j + 11 = -m. What